by 229?
228
Calculate the remainder when 137 is divided by 30.
17
Calculate the remainder when 13052 is divided by 13018.
34
Calculate the remainder when 12618 is divided by 1750.
368
Calculate the remainder when 2192491 is divided by 373.
370
What is the remainder when 1177 is divided by 457?
263
Calculate the remainder when 26000 is divided by 13.
0
Calculate the remainder when 43230 is divided by 10.
0
Calculate the remainder when 21516 is divided by 5371.
32
What is the remainder when 14011 is divided by 560?
11
Calculate the remainder when 209778 is divided by 9.
6
Calculate the remainder when 329885 is divided by 169.
166
What is the remainder when 985 is divided by 56?
33
Calculate the remainder when 58097 is divided by 5281.
6
Calculate the remainder when 8432 is divided by 2807.
11
What is the remainder when 2600 is divided by 104?
0
What is the remainder when 4162 is divided by 1383?
13
Calculate the remainder when 8693 is divided by 4335.
23
Calculate the remainder when 231058 is divided by 279.
46
What is the remainder when 606007 is divided by 11?
6
Calculate the remainder when 143237 is divided by 766.
761
What is the remainder when 14138 is divided by 647?
551
Calculate the remainder when 20623 is divided by 897.
889
Calculate the remainder when 4038884 is divided by 42.
38
Calculate the remainder when 77518 is divided by 157.
117
Calculate the remainder when 166427 is divided by 99.
8
What is the remainder when 4268 is divided by 130?
108
Calculate the remainder when 165438 is divided by 355.
8
Calculate the remainder when 2735 is divided by 74.
71
Calculate the remainder when 24055 is divided by 165.
130
Calculate the remainder when 1135 is divided by 121.
46
What is the remainder when 1034 is divided by 457?
120
What is the remainder when 5315 is divided by 198?
167
Calculate the remainder when 448958 is divided by 48.
14
What is the remainder when 15782 is divided by 94?
84
What is the remainder when 172605 is divided by 64?
61
What is the remainder when 133155 is divided by 261?
45
Calculate the remainder when 45134 is divided by 47.
14
Calculate the remainder when 203103 is divided by 16.
15
Calculate the remainder when 15186 is divided by 637.
535
Calculate the remainder when 1213025 is divided by 246.
245
Calculate the remainder when 9423 is divided by 326.
295
Calculate the remainder when 115362 is divided by 5.
2
Calculate the remainder when 74205 is divided by 31.
22
What is the remainder when 13998 is divided by 874?
14
Calculate the remainder when 459207 is divided by 194.
9
Calculate the remainder when 20810 is divided by 39.
23
What is the remainder when 32277 is divided by 20?
17
Calculate the remainder when 185954 is divided by 88.
10
Calculate the remainder when 12712 is divided by 436.
68
What is the remainder when 14851 is divided by 721?
431
What is the remainder when 1861 is divided by 910?
41
What is the remainder when 21473 is divided by 477?
8
Calculate the remainder when 1638 is divided by 785.
68
What is the remainder when 133634 is divided by 392?
354
What is the remainder when 3135 is divided by 1950?
1185
Calculate the remainder when 7113467 is divided by 91.
88
What is the remainder when 309306 is divided by 39?
36
Calculate the remainder when 38689 is divided by 12818.
235
Calculate the remainder when 66258 is divided by 272.
162
Calculate the remainder when 7064 is divided by 112.
8
Calculate the remainder when 11051 is divided by 175.
26
What is the remainder when 35931 is divided by 3?
0
Calculate the remainder when 10449 is divided by 5186.
77
Calculate the remainder when 6041 is divided by 471.
389
What is the remainder when 21789 is divided by 217?
89
What is the remainder when 8481 is divided by 160?
1
What is the remainder when 2766 is divided by 93?
69
What is the remainder when 25109 is divided by 18?
17
What is the remainder when 3446343 is divided by 134?
131
Calculate the remainder when 16396 is divided by 3274.
26
Calculate the remainder when 478890 is divided by 239439.
12
What is the remainder when 1671 is divided by 1647?
24
Calculate the remainder when 5568 is divided by 42.
24
What is the remainder when 951 is divided by 912?
39
Calculate the remainder when 165096 is divided by 2464.
8
What is the remainder when 79861 is divided by 831?
85
What is the remainder when 108080 is divided by 186?
14
Calculate the remainder when 13291 is divided by 33.
25
What is the remainder when 3117 is divided by 2251?
866
What is the remainder when 57235 is divided by 691?
573
What is the remainder when 916 is divided by 229?
0
What is the remainder when 180766 is divided by 249?
241
Calculate the remainder when 184184 is divided by 131.
129
What is the remainder when 1389 is divided by 631?
127
Calculate the remainder when 84480 is divided by 49.
4
What is the remainder when 10165 is divided by 1694?
1
What is the remainder when 9692 is divided by 1934?
22
What is the remainder when 10016 is divided by 4859?
298
Calculate the remainder when 524251 is divided by 174747.
10
Calculate the remainder when 25505 is divided by 211.
185
What is the remainder when 5403 is divided by 159?
156
Calculate the remainder when 7722 is divided by 782.
684
What is the remainder when 42810 is divided by 106?
92
Calculate the remainder when 330065 is divided by 12224.
17
Calculate the remainder when 271184 is divided by 366.
344
Calculate the remainder when 7530 is divided by 235.
10
What is the remainder when 157105 is divided by 27?
19
What is the remainder when 4354 is divided by 43?
11
What is the remainder when 207 is divided by 113?
94
Calculate the remainder when 17581 is divided by 846.
661
Calculate the remainder when 137870 is divided by 46.
8
What is the remainder when 13245 is divided by 12843?
402
What is the remainder when 25238 is divided by 25214?
24
What is the remainder when 24306 is divided by 50?
6
Calculate the remainder when 135525 is divided by 807.
756
Calculate the remainder when 39412 is divided by 616.
604
What is the remainder when 1173699 is divided by 39?
33
Calculate the remainder when 2819 is divided by 63.
47
Calculate the remainder when 6896 is divided by 165.
131
What is the remainder when 1902 is divided by 649?
604
Calculate the remainder when 178371 is divided by 11144.
67
Calculate the remainder when 6255 is divided by 5264.
991
What is the remainder when 44325 is divided by 100?
25
What is the remainder when 3739 is divided by 35?
29
What is the remainder when 3608 is divided by 92?
20
Calculate the remainder when 50563 is divided by 262.
259
Calculate the remainder when 8546 is divided by 90.
86
What is the remainder when 62020 is divided by 1193?
1177
Calculate the remainder when 2308 is divided by 2288.
20
What is the remainder when 31309 is divided by 1308?
1225
What is the remainder when 76013 is divided by 15202?
3
Calculate the remainder when 1554 is divided by 1445.
109
What is the remainder when 2352 is divided by 249?
111
What is the remainder when 1066576 is divided by 355522?
10
Calculate the remainder when 103101 is divided by 589.
26
Calculate the remainder when 4797 is divided by 1.
0
What is the remainder when 6450 is divided by 223?
206
Calculate the remainder when 97015 is divided by 39.
22
What is the remainder when 185 is divided by 65?
55
What is the remainder when 281 is divided by 76?
53
Calculate the remainder when 296732 is divided by 74179.
16
What is the remainder when 2160 is divided by 94?
92
What is the remainder when 153665 is divided by 401?
82
Calculate the remainder when 889797 is divided by 121.
84
Calculate the remainder when 1952648 is divided by 57.
56
Calculate the remainder when 8721 is divided by 909.
540
What is the remainder when 6581 is divided by 183?
176
What is the remainder when 31832 is divided by 9?
8
What is the remainder when 29819 is divided by 4?
3
Calculate the remainder when 75580 is divided by 117.
115
What is the remainder when 26499 is divided by 97?
18
What is the remainder when 1193311 is divided by 1717?
1713
Calculate the remainder when 5100 is divided by 643.
599
Calculate the remainder when 4038 is divided by 3853.
185
Calculate the remainder when 32732 is divided by 63.
35
What is the remainder when 41703 